 derivative of p**6/120 - p**4/6 + p**2/2 + 1. Let t(w) be the second derivative of d(w). Is t(3) prime?
False
Let b = 4243 + -584. Is b composite?
False
Let j(f) = 7*f + 5. Let v = 1 - 6. Let c = 11 + v. Is j(c) a prime number?
True
Suppose -q = -0*q - 89. Is q prime?
True
Let h be 985/(-3) - 6/(-18). Let q = h - -561. Is q composite?
False
Let a(n) = n + 8. Let u be a(-7). Let t = u - -32. Is t prime?
False
Let o = 92 - 62. Suppose 0*h + h = -2*c + 6, -2*c = -4*h - 16. Suppose -3*m + 109 = c*j, m - 5*j = -0*m + o. Is m composite?
True
Suppose 5*c + 369 = 2*c. Let g = 192 + c. Is g composite?
True
Suppose 6 = -4*k + 2*q, -2*k - q = -0*k - 3. Suppose 5*x - 10 = k, 4*p = 5*p + 4*x - 63. Is p a composite number?
True
Suppose -11*q = -6*q - 1270. Is q a composite number?
True
Let l(r) be the first derivative of r**5/10 - 7*r**4/12 + 2*r**3/3 + 3*r**2/2 + 3*r - 1. Let w(o) be the first derivative of l(o). Is w(4) prime?
False
Let o = -10 + 14. Let t(z) = -2*z - 1. Let h be t(-3). Suppose -5*m + 118 = -o*r - 117, h*r = -2*m + 94. Is m a prime number?
True
Suppose -3*b = -2 + 5. Is ((-9)/(-18))/(b/(-6)) a composite number?
False
Let z(w) = -6*w**2 - 2*w + 6*w + 5 + w**3 - 2 + 0*w. Is z(8) a composite number?
False
Suppose 2 = -4*h - 46. Let q be 30/4*h/(-15). Let l(c) = -c**2 + 6*c + 7. Is l(q) prime?
True
Let v(f) = -4*f**3 + 2*f**2 - f - 4. Let m(i) = -3*i**3 + 3*i**2 - i - 5. Let t(c) = -3*m(c) + 4*v(c). Is t(-1) composite?
True
Suppose 0*t - 3*t = -9. Is t/(-3)*-45 - -2 composite?
False
Let o(p) = p + 1. Let t(j) = j - 6. Let g(y) = 6*o(y) + t(y). Is g(1) a prime number?
True
Let y = -46 - -155. Is y a prime number?
True
Let m(f) = -f**2 + 2*f + 3. Let l be m(3). Suppose l*h + 4*h = -4*t + 24, t - 6 = 2*h. Suppose -3*p + t*p = 21. Is p prime?
True
Suppose n - 6*n = 0. Suppose -2*w = s - n*s + 53, -3*s - 119 = -4*w. Is (1 + -2)/(3/s) composite?
True
Suppose -4*m - 14 - 1 = -o, 5*o + m = 33. Let b(q) = -2 + 6*q + 0 + o. Is b(5) a composite number?
True
Let t(p) = 6*p**3 + 2*p**2 - 2*p - 1. Suppose l - 4*l + 6 = 0. Is t(l) a prime number?
False
Let y(j) = -j - 8. Let q be y(-5). Let k(n) = 19*n - 1. Let s be k(1). Let z = s + q. Is z a prime number?
False
Let p(j) = 650*j**2 + 8*j - 22. Is p(2) composite?
True
Is ((-1264)/6)/4*(-60)/8 a prime number?
False
Suppose 0 = 3*i - i - 224. Let j be ((-2)/(-4) - 0)*i. Suppose -2*k = 2*k - j. Is k a prime number?
False
Let r = 73 - 141. Let c = 97 + r. Let s = 62 - c. Is s composite?
True
Let p(m) = 127*m**2 + m - 1. Is p(1) a prime number?
True
Let i(t) = t**3 + 8*t - 5*t**2 - 4*t**2 + 2*t - 4. Let z be i(8). Suppose -w = -z - 11. Is w composite?
False
Let t(w) = 28*w**2 - 9*w + 13. Is t(6) a composite number?
False
Let h be (-1067)/(-44) - (-1)/(-4). Let y = 43 - h. Is y a composite number?
False
Let m = 1625 - -320. Is m a prime number?
False
Suppose -5*u = -3*a - 163 + 41, -5*u + 130 = -5*a. Is u prime?
False
Let p be 8/(0 + 1 + 0). Suppose -p = -7*l + 3*l. Is (12/8)/(l/44) prime?
False
Suppose 4*y + 3 = f - 3, y = 5*f + 27. Let a be (f/(-8))/(4/16). Is 2/a - 56/(-6) composite?
True
Suppose -5*y = -5*m, 2*y + m = -3*m + 18. Suppose -605 = -2*r - y*r. Is r composite?
True
Let w = 6 + -4. Let i(o) = -5*o - 2 + 3 + w*o. Is i(-4) a composite number?
False
Suppose 201 = 3*o + 5*f - 793, 4*f + 976 = 3*o. Suppose -j + o = 2*x, 2*x - 334 = -4*j - 0*j. Is x composite?
False
Suppose 2*k + 3 - 11 = 0. Suppose 1509 = k*i - i. Is i prime?
True
Let b = -352 - -690. Suppose -b = -r - r. Is r composite?
True
Let o be (-2)/(-7) - (-12)/(-42). Suppose 3*l + 2*u - 63 = 0, 0*u + 5*u = o. Is l prime?
False
Suppose -3*m = -m - 598. Is m a composite number?
True
Let l = 22 + -17. Suppose 59 + 96 = l*w. Is w a composite number?
False
Let q be (-152)/(-12) - (-2)/(-3). Let h(w) = w**2 + 3*w + 11. Is h(q) prime?
True
Let g(z) = 14*z**2 + 2*z + 3. Let a(f) = 13*f**2 + 2*f + 4. Let k(q) = -4*a(q) + 5*g(q). Is k(3) a prime number?
True
Let a = -10 - -9. Let r be a/(-2) + 147/14. Is (-5)/4*r*-4 prime?
False
Let w = 94 - 66. Suppose w = 3*o + o. Suppose 2*i + 59 = o*i - 3*u, -5*i + 63 = -u. Is i prime?
True
Let a(b) = -11*b**3 - 2*b**2 + 4*b + 1. Let t be a(-5). Is (-6)/(-15) + t/10 a prime number?
True
Let j(d) = 5*d**3 + 2*d**2 - d. Let l be j(1). Let x be 2/l + 14/(-6). Is (38 + (-3 - x))/1 a prime number?
True
Let p = 10 - 12. Is 7/(p/(-26) - 0) a prime number?
False
Let z(a) = 26*a**2 + 5*a + 4. Let y = 2 - 5. Is z(y) composite?
False
Let b(s) be the first derivative of s**4/4 + 11*s**3/3 + 3*s**2 - 13*s - 6. Is b(-9) composite?
True
Suppose 4*x = 3*y + 72, 3*x + 2*y = -2*y + 79. Is (-6)/x - 657/(-21) prime?
True
Let v be (-1)/(-2 + 14/8). Suppose v*r = 22 + 98. Let x = 1 + r. Is x composite?
False
Let w(k) be the third derivative of -k**6/120 + k**5/4 + k**4/8 - 17*k**3/6 + 6*k**2. Is w(12) a prime number?
False
Let r(v) = -10*v - 15. Is r(-10) composite?
True
Suppose -5*w + 0*w + 1085 = 0. Is w a composite number?
True
Suppose 131 = 2*x - 5*w, -4 = -x - w + 51. Is x a composite number?
True
Let o(m) be the second derivative of 5*m**6/24 + m**5/60 - m**4/24 + m**3/6 + m**2/2 - 4*m. Let z(d) be the first derivative of o(d). Is z(1) a prime number?
False
Let r be (-103)/(0 + 4/(-8)). Suppose 0 = -3*h + 367 + r. Is h a prime number?
True
Let g be ((-38)/(-8))/(1/12). Suppose -3*x + 6*x - g = 0. Is x prime?
True
Suppose 5*i - 2*n - 2 = 0, 2*i - 2 = 3*n + 1. Suppose 3 = 3*p - 3*v, p - 3*v - 4 + 11 = i. Suppose 25 - 130 = -p*t. Is t composite?
True
Is (7 - 6)/(1/809) composite?
False
Let x(z) = 4*z**3 + 2*z**2 + 5*z + 8. Let q(r) = 3*r**3 + 3*r**2 + 4*r + 7. Let b = -10 - -15. Let y(l) = b*q(l) - 4*x(l). Is y(5) a composite number?
False
Suppose h + 20 = 3*v - v, -80 = -5*v - 5*h. Let d = -8 + v. Suppose z = -4*z + 4*b + 205, -z + d*b = -57. Is z a prime number?
True
Suppose 3883 = 3*y + 1624. Is y prime?
False
Is 21/(-35) - (-4508)/5 prime?
False
Let u(a) be the second derivative of 5/2*a**2 + 2*a + 0 + 1/6*a**3. Is u(5) a composite number?
True
Let t(p) = p**3 - 8*p**2 - p + 11. Let u be t(8). Suppose -1297 = -5*h + 4*b, -u*b = -5*h - 664 + 1958. Is h composite?
False
Let t = 5 + 19. Suppose -5*r - t = -349. Is r a composite number?
True
Let l = 8 + -8. Suppose -6*k + 4*k + 98 = l. Is k composite?
True
Let h be (-10)/4*(-4)/5. Suppose -6*i = -h*i - 140. Is i a composite number?
True
Let j(b) = 0 - 4 + b**2 + 0*b + b. Let p be j(0). Is (-6)/p*(-498)/(-9) composite?
False
Let b be 159*(10/(-6) - -2). Suppose 0*n = -n + b. Suppose q = 2*q - n. Is q composite?
False
Let u = -8 - -8. Suppose 2*o + u*o - 218 = 0. Is o a prime number?
True
Let q = -1 - 0. Let i(b) = -13*b. Let s be i(q). Suppose 3*a - y = -0*y + 17, -a + 5*y - s = 0. Is a prime?
True
Let a = 44 + -18. Suppose 4 = -4*u, a - 135 = -k - 4*u. Is k a composite number?
False
Let b be -1*9*1580/(-15). Let t = 174 - b. Is t/(-14) - 2/7 a prime number?
False
Suppose 0 = 3*o - 3 - 0. Suppose -2*s = 3*w - 125, -4*s - 103 = -4*w - 383. Is s/(o - 3 - -3) a composite number?
False
Let a be 10/8 - 4/16. Let d(h) = 11*h**3 + h**2 - h + 1. Let t be d(a). Let f(c) = c**2 - 7*c - 7. Is f(t) a prime number?
True
Is (-3156)/8*40/(-12) prime?
False
Suppose 7 = 3*l - 29. Suppose -2*z + 317 = u - 0*u, l = 4*u. Is z prime?
True
Let w(l) = 60*l**2 - 2. Let a be w(2). Suppose 0*q + a = 2*q. Is q prime?
False
Let b be 1*2 - (8 + -13). Let s = b + 12. Is s a composite number?
False
Let b be ((-2)/(-3))/(2/6). Let t = 29 - 50. Is 3 - (b + 3) - t prime?
True
Let f = -5 + 2. Let k(a) = 11*a**2 + 3*a + 4. Let p be k(f). Suppose -3*u + 17 + p = 0. Is u prime?
True
Let y(z) = -13*z**3 + 3*z**2 + 4*z + 1. Let q(o) = 25*o**3 - 7*o**2 - 9*o - 3. Let m(u) = 3*q(u) + 7*y(u). Let p be m(-2). Let f = p - 78. Is f composite?
True
Is 84/9 + 1/(-3) a composite number?
True
Let h(x) be the third derivative of x**5/20 - x**3/3 + x**2. Is h(-3) composite?
True
Let l be 1/2*-4*23. Let b = l + 65. Is b composite?
False
Suppose t = -3*t - 40. Let c = t + 36. Is c composite?
True
Is (2/(-10))/((-10)/27850) a composite number?
False
Suppose -4*y = 0, -q + 4*y = -0*q - 119. Is q a composite number?
True
Let g(z) = -z**3 - 4*z**2 + 8*z - 4. Let o be g(-7). Let l be (o/(-6))/((-2)/4). Suppose -l = -3*y - 8. Is y a composi